(-14)?
19
Let x = 0 - -2. Let p(o) = 22*o + 1. Let k be p(x). Suppose 4*s - 3 = 4*m - 63, 5*m - k = -5*s. List the prime factors of m.
2, 3
What are the prime factors of 171 + (14/21)/((-1)/(-3))?
173
Let w(f) = 4*f**2 - f. Let s be w(-1). Suppose -s*z - 7 = 3. List the prime factors of -5 + 5 + (0 - z).
2
Suppose 12*n = 2*n + 1310. What are the prime factors of n?
131
Suppose l + 0 = -7. Let b = l + 11. List the prime factors of b.
2
Suppose 0 = 5*b - 5*i - 225, -i = -4*b - 2*i + 185. What are the prime factors of b?
2, 23
Suppose -22 = -6*s + 3*s - g, 0 = g + 5. What are the prime factors of s?
3
Let l(v) = -v**3 - 12*v**2 - 9*v + 19. What are the prime factors of l(-13)?
5, 61
Suppose -2*o - 4*x + 18 = 0, -3 = 5*o - 4*x - 6. Suppose -h = o*h - 12. What are the prime factors of h?
3
Let c(d) = -d - 10. Let a be c(-7). What are the prime factors of (16/4)/((-2)/a)?
2, 3
Let m(a) = a**3 + 10*a**2 - 14*a - 5. List the prime factors of m(-11).
2, 7
Suppose -4*k = -9*k - 2*u + 7, -8 = 4*k + 5*u. What are the prime factors of 2/k - 910/(-39)?
2, 3
Suppose 50 = 4*g - 14. Let x be (-4)/6 - g/(-6). Suppose x*t - 1 = 3. List the prime factors of t.
2
Suppose -4 - 7 = -f. Suppose 35 - f = 2*k. List the prime factors of k.
2, 3
Suppose 3*t - 52 = 2*t. Suppose -w + 120 = 4*x + w, t = 2*x - w. List the prime factors of x.
2, 7
Suppose 0 = -u + 5*u - 32. List the prime factors of u.
2
Suppose 6*n - 28 = 20. List the prime factors of n.
2
Let x be (0 - 8/3)*3. Suppose 10 = -2*g + 3*c, 4*g + 4*c = 2*c + 12. Let o = g - x. List the prime factors of o.
3
Let t(z) be the third derivative of -z**6/40 + z**4/24 - 2*z**2. What are the prime factors of t(-2)?
2, 11
Suppose 8*s + 320 = 3*s. Let a = 92 + s. List the prime factors of a.
2, 7
Let b = 325 - 225. List the prime factors of b.
2, 5
Let y(h) = -h. Let k be y(-5). Suppose -j = -5*i - 8, -2*j - 21 = -4*j + k*i. List the prime factors of j.
13
Suppose 9*y = 13*y - 820. What are the prime factors of y?
5, 41
Let i be (-4)/10*(-6 - -1). Suppose i*n = -n + 45. What are the prime factors of n?
3, 5
Let f = 13 + -13. Suppose 2*o = 8, 0 = -f*c - 2*c - 4*o + 36. List the prime factors of c.
2, 5
Let r = 22 + -16. List the prime factors of r.
2, 3
Let a = 3 + 11. Suppose -5*u + 3*n = 4*n - a, 4*u - 5*n = 17. List the prime factors of u.
3
Let f(n) = n + 9. Let b = 8 + -13. List the prime factors of f(b).
2
Suppose -3*f = 3*k - 9, 12 = 4*k + f - 4*f. Suppose -3*q = -5*u - 2*q + 82, 3*u + k*q = 60. List the prime factors of u.
17
Let x(o) = -5*o + 9*o + o**2 + 6*o - 3. Let t be x(-9). Let z = 23 + t. List the prime factors of z.
11
Let p(f) = -f**3 + 4*f**2 - f. Let d be p(3). Suppose c = -c + d. What are the prime factors of c?
3
Let k be 4/24 + 74/(-12). Let z = -17 - k. Let p = -8 - z. What are the prime factors of p?
3
Let x(d) = 2*d**3 - 8*d**2 + 4*d + 27. What are the prime factors of x(6)?
3, 5, 13
Suppose -5*l + 15 = 5. Suppose -2*i - l*i = 8. What are the prime factors of (10 - i - 2) + 1?
11
Suppose -2*y = -5*h - 75, 5*y - h = 3*y + 79. List the prime factors of y.
2, 5
Let l = -97 - -173. List the prime factors of l.
2, 19
Suppose 0*y - 4*i + 12 = 3*y, 3*i = -2*y + 9. Let o be 1/(-3)*(y + 3). What are the prime factors of ((-7)/(-2))/(o/(-2))?
7
Suppose 0*q = -2*v + 4*q - 10, -11 = -v - 2*q. What are the prime factors of 9*((-24)/9 + v)?
3
Let k = 6 - 4. Suppose 2*o + k*p - 6*p = -6, o + p = -15. List the prime factors of -3 - (-3 + 1 + o).
2, 5
Suppose -1 = -a + 5*t, -2 + 0 = t. Let f = -3 - a. What are the prime factors of f?
2, 3
Let u be 1*3 - (-1380)/10. Suppose 2*b + u = 5*b. What are the prime factors of b?
47
Suppose 35 = 4*j - 5*a, 2 - 25 = -2*j - 3*a. List the prime factors of j - (3/3)/(-1).
11
Let y = -33 + 23. List the prime factors of (-3)/2*y/5.
3
Suppose -4*p + 2*s + 110 = p, 0 = 3*p + s - 77. What are the prime factors of p?
2, 3
Suppose -4*w + 2*o = -4, -2*o - 12 = o. Let i = w + 7. List the prime factors of i.
2, 3
Let n(t) = 2*t - 4. Let a be n(4). Suppose -a*j + 5*o = -75, -2*o = 3*j + 2*j - 135. Suppose -2*y - 3*y = -j. What are the prime factors of y?
5
Suppose -h = 4*h - 30. Let b(t) = t - 4. Let u be b(h). Suppose -y + u*y = 9. What are the prime factors of y?
3
Suppose z + 4*h = 3*z - 52, 2*z - 2*h - 44 = 0. What are the prime factors of z?
2, 3
Suppose -5*z - 10 = 0, 0*z = -n + 2*z + 4. Let l = 2 - 1. Suppose -2*y + 4*j + 10 = n, -2*j = -3*y + 22 + l. What are the prime factors of y?
3
Let j = 10 - 7. Let w = 0 + j. Suppose 4*c - 17 = w*z + 2*z, 3*c + z - 8 = 0. What are the prime factors of c?
3
Let q = 335 - 154. What are the prime factors of q?
181
Let g be 0/(1 - 6/2). Suppose c - 2*l + l + 3 = 0, 4*l - 22 = -c. Suppose -2*s - c*q + 2 = g, 5*s + q = 2*q + 35. What are the prime factors of s?
2, 3
Suppose 5*s + 0 - 10 = 0. Let z = s + 3. Suppose -14 = -2*t - 4*p, -p = -z*t - 5*p + 29. List the prime factors of t.
5
Suppose -6*q = -q + 50. Let d = -2 - q. List the prime factors of d.
2
Let j be (-2)/3 - (-1358)/21. Let q = -30 + j. What are the prime factors of q?
2, 17
Suppose 3*o + 4*v + 176 = 6*o, -20 = -5*v. List the prime factors of o.
2
Let q = 13 + 43. What are the prime factors of q?
2, 7
Let a(i) = i**2 - 4. What are the prime factors of a(4)?
2, 3
Let k be (-28)/(-3) + 7/(-21). Let n(l) = l**3 - 10*l**2 + 9*l + 13. List the prime factors of n(k).
13
Suppose -176 = -3*t - 5*k, -2*t - k + 18 + 97 = 0. List the prime factors of t.
3, 19
List the prime factors of 1*(-213)/(3 + -6).
71
Let m = 21 + -9. What are the prime factors of m?
2, 3
Let c = 21 + 20. Suppose b = -4*w + 2, -c = -4*b - w - 4*w. What are the prime factors of b?
2, 7
Let i = 62 - 37. What are the prime factors of i?
5
Let c(n) be the second derivative of -n**4/12 - n**3/6 + 4*n**2 + 2*n. Let t be c(0). Let u = -6 + t. List the prime factors of u.
2
Suppose -t - 4*f + 80 = 0, 2*t + 3*f + 32 = 187. Suppose -4*d - 32 + 115 = -5*v, 0 = -3*d + v + t. List the prime factors of d.
3
What are the prime factors of (-2 - 11)*(3 - 4)?
13
Let j(m) = m**2 + m - 3. Let u be j(0). Let t(b) = b**2 + 3*b - 3. Let p be t(-4). Let d = p - u. List the prime factors of d.
2
Let v(q) = 10*q**2 + 1. Let p be v(-1). Suppose 2*r - 3*r + p = 3*s, 0 = -s - 5*r + 13. Suppose s*w + w - 20 = 0. List the prime factors of w.
5
Let i(q) = -q - 4. Let u be i(-9). Suppose a = u - 1. Let t(l) = l - 2. List the prime factors of t(a).
2
Let v(t) = t**2 - 1. Let i(n) = n**2 + 2*n + 8. Let q(h) = -i(h) + 2*v(h). What are the prime factors of q(-5)?
5
Suppose -36 = -3*i + 6. Let y = -6 + i. Suppose y = 5*q - 32. List the prime factors of q.
2
Suppose -2*j + 12 - 2 = 0. Suppose 10 = -0*o + j*o. List the prime factors of o.
2
Let p be (76/8 + 2)*6. Let l = -35 + p. What are the prime factors of l?
2, 17
Let d(x) = -6 + x**2 + 3 + 2 - 14*x**3. Let m be d(1). List the prime factors of (-5 + 4)/(2/m).
7
Let y(z) be the second derivative of z**4/12 - 11*z**3/6 + 5*z**2 - 4*z. What are the prime factors of y(11)?
2, 5
Suppose -3*n = 0, 2*n = 3*a + 4*n - 120. Suppose -z - 5*m + 2 + 6 = 0, 3*m + a = 5*z. List the prime factors of z.
2
Let m(u) = 14*u + 15. Let c be m(-9). Let z = -61 - c. What are the prime factors of z?
2, 5
Suppose -w - 8 = -5*w. List the prime factors of w.
2
Suppose 0 = -5*y + m - 9, -2*y + 5*y - 4*m = -19. Let w(i) = -3*i - 3*i - 1 - i. What are the prime factors of w(y)?
2, 3
Let r(g) be the third derivative of 0 + 0*g + 3/8*g**4 + 0*g**3 + 3*g**2. List the prime factors of r(1).
3
Let c(h) = -30*h - 6. List the prime factors of c(-2).
2, 3
Let z = 2 + 0. Suppose u = -z*u. Suppose -5*d = -m - 8 - u, 3*d = -3*m + 30. List the prime factors of m.
7
Suppose 0*i + 288 = 8*i. List the prime factors of i.
2, 3
Let j be -4 - (-4)/4*106. Suppose 2*c + c = j. What are the prime factors of c?
2, 17
Suppose 0*t = -3*k + t + 3, 0 = 5*t. List the prime factors of k/(2/4)*3.
2, 3
Let g = 161 + -81. What are the prime factors of g?
2, 5
Let j(i) = -11*i + 1. List the prime factors of j(-8).
89
Let x be ((2/1)/2)/1. Let s(n) = 31*n - 1. Let r be s(x). List the prime factors of r/9 - 2/6.
3
Let y = 7 + -8. Let l be 1 - (-5 + (-1 - y)). Let w(f) = -f**3 + 5*f**2 + 9*f - 6. List the prime factors of w(l).
2, 3
Let b(j) = -j**2 - 8*j - 11. What are